217 a composite number?
False
Is 2060803097 prime?
False
Is 677839937 a composite number?
False
Is 1412027143 prime?
False
Is 8576532073 a prime number?
False
Is 607719797 a composite number?
True
Is 30045495727 composite?
True
Is 1504235801 prime?
True
Is 256566257 a composite number?
False
Is 6954153567 composite?
True
Is 943331827 prime?
True
Is 24758742599 a composite number?
False
Is 17128561 prime?
False
Is 343782739 composite?
False
Is 182754347 composite?
False
Is 4235979551 a composite number?
False
Is 11114523421 a prime number?
True
Is 34580560867 composite?
False
Is 2987631943 prime?
False
Is 85714149487 a composite number?
True
Is 324066161 prime?
True
Is 141643249 a prime number?
False
Is 323634071 a composite number?
False
Is 114565789 a prime number?
False
Is 10502156306 composite?
True
Is 16895290909 a prime number?
False
Is 26828570143 a prime number?
True
Is 4770797093 composite?
False
Is 1261014527 prime?
True
Is 88689365 a composite number?
True
Is 1116681199 composite?
True
Is 829798253 a prime number?
True
Is 135486433403 composite?
True
Is 266341021 a composite number?
False
Is 473117105 composite?
True
Is 605388722 prime?
False
Is 1930258547 prime?
False
Is 1887384269 composite?
False
Is 1072212319 composite?
True
Is 1092451753 a composite number?
False
Is 1411124487 composite?
True
Is 97659398587 prime?
True
Is 42067903 a composite number?
True
Is 106957121995 a prime number?
False
Is 1491199733 a prime number?
False
Is 9050317717 a composite number?
True
Is 459419431 a prime number?
False
Is 16951986059 prime?
True
Is 16065102707 a composite number?
False
Is 66817216045 a prime number?
False
Is 18491810999 composite?
True
Is 3944649773 prime?
False
Is 22205179585 a prime number?
False
Is 4135447163 prime?
False
Is 9946835953 prime?
True
Is 475332769 prime?
False
Is 31053093751 prime?
True
Is 36337578833 prime?
False
Is 234960977 composite?
True
Is 25464588641 a composite number?
False
Is 1315695683 prime?
False
Is 4016186021 prime?
False
Is 13000116439 composite?
False
Is 4820658659 a prime number?
False
Is 945752137 prime?
False
Is 482529503 a prime number?
False
Is 498310417 a composite number?
True
Is 65763971239 a composite number?
False
Is 40234212583 a prime number?
True
Is 5386550831 a prime number?
True
Is 23227149593 composite?
False
Is 1485012007 prime?
True
Is 26989195027 a composite number?
False
Is 11807944163 a composite number?
False
Is 369776579 a prime number?
True
Is 16311719 a prime number?
True
Is 8854605979 composite?
False
Is 1073007307 a composite number?
True
Is 1692455377 a composite number?
False
Is 6099813215 prime?
False
Is 1349653573 prime?
True
Is 23174707253 composite?
True
Is 84380670071 prime?
False
Is 787954009 prime?
False
Is 62116001449 a composite number?
False
Is 8588060389 a composite number?
True
Is 11725227286 composite?
True
Is 805143733 a prime number?
False
Is 7036378007 composite?
True
Is 1864981997 prime?
False
Is 14249251 a composite number?
True
Is 380626223095 a prime number?
False
Is 3739148009 prime?
False
Is 6808126753 prime?
False
Is 3260912717 a composite number?
True
Is 27539673779 a prime number?
True
Is 76356563 a prime number?
True
Is 2254143007 a prime number?
True
Is 186769748339 a prime number?
True
Is 2684549363 a prime number?
False
Is 13229850313 prime?
False
Is 16290611443 a composite number?
False
Is 10677795497 composite?
True
Is 65147902 composite?
True
Is 13241735359 a composite number?
False
Is 8022489857 a prime number?
False
Is 4101450959 composite?
False
Is 20328607241 a composite number?
False
Is 969404113 composite?
False
Is 13703297143 a composite number?
False
Is 12275626169 a composite number?
True
Is 192760973 a prime number?
False
Is 12729338129 a prime number?
True
Is 1555323701 prime?
False
Is 64161410141 prime?
False
Is 2941744315 composite?
True
Is 2306208329 a composite number?
True
Is 502850813 a composite number?
True
Is 317553239 a composite number?
False
Is 162107783 a composite number?
False
Is 4249878271 prime?
False
Is 282238477009 a prime number?
True
Is 21605305339 composite?
False
Is 10636061 composite?
False
Is 12526371653 a composite number?
True
Is 16292941697 prime?
True
Is 101037487 a prime number?
False
Is 1005443123 prime?
False
Is 8589779113 a prime number?
True
Is 13825056547 a prime number?
True
Is 1047210337 composite?
True
Is 1226245201 composite?
False
Is 281367311 a composite number?
False
Is 853638943 a composite number?
False
Is 3321149311 composite?
False
Is 190766137751 composite?
True
Is 2373072149 a prime number?
False
Is 5201450269 a composite number?
True
Is 43628208989 prime?
True
Is 6675225329 prime?
False
Is 129431579 composite?
False
Is 280838735411 a prime number?
False
Is 24087109591 a composite number?
False
Is 650863063 composite?
False
Is 23708641763 a composite number?
False
Is 3477597899 a composite number?
False
Is 370286771 a prime number?
False
Is 82510893977 prime?
True
Is 2473352573 a composite number?
False
Is 608215781 a prime number?
True
Is 2590386131 prime?
True
Is 869264113 composite?
False
Is 2025514223 composite?
True
Is 2189883847 a prime number?
False
Is 771960421 a prime number?
False
Is 227535151 a prime number?
False
Is 71624197 a composite number?
True
Is 65265231 prime?
False
Is 48377997611 composite?
False
Is 993006919 a composite number?
False
Is 290274319 a prime number?
True
Is 49490096133 a composite number?
True
Is 52370095313 a prime number?
True
Is 65493482699 a composite number?
True
Is 98689289 composite?
False
Is 103476493 prime?
True
Is 39079057 a prime number?
True
Is 55102732277 prime?
False
Is 4101932011 a composite number?
False
Is 342572623 a composite number?
True
Is 301440016105 composite?
True
Is 22145375801 composite?
True
Is 145075423 prime?
True
Is 163974019721 a prime number?
True
Is 7015517213 a composite number?
True
Is 7697752981 a prime number?
False
Is 140207693 composite?
False
Is 384862217 prime?
False
Is 1749972151 composite?
False
Is 20013320501 composite?
True
Is 902211931 composite?
True
Is 41789890853 composite?
True
Is 39073321853 a prime number?
False
Is 12402107489 a prime number?
False
Is 167289887 composite?
False
Is 723993581 a prime number?
True
Is 2721647479 a composite number?
True
Is 2549626769 a composite number?
False
Is 368702291 composite?
True
Is 137849295655 a composite number?
True
Is 312067037 composite?
False
Is 17712827149 a prime number?
True
Is 94910206213 a prime number?
False
Is 273448609 composite?
True
Is 1567747759 a prime number?
True
Is 10636685461 composite?
False
Is 119510219 a composite number?
False
Is 94970249783 prime?
False
Is 14954682091 composite?
True
Is 9706786426 a composite number?
True
Is 86298175697 prime?
True
Is 29729406391 a prime number?
False
Is 39854069537 composite?
False
Is 4370175001 a prime number?
True
Is 176201710571 a composite number?
False
Is 2680293667 prime?
False
Is 117214857503 a composite number?
True
Is 28485120451 prime?
True
Is 17544919083 a composite number?
True
Is 33883778233 a prime number?
True
Is 52959867557 a composite number?
True
Is 1649551289 a composite number?
True
Is 8141370797 a composite number?
True
Is 8031182515 composite?
True
Is 1942257923 composite?
False
Is 1303986389 prime?
False
Is 49964945383 prime?
True
Is 636977923 a composite number?
True
Is 554426879 prime?
True
Is 1262937629 a composite number?
False
Is 30965204297 a prime number?
True
Is 21083469221 composite?
True
Is 3457857527 composite?
True
Is 4442680783 a prime number?
True
Is 39916463051 composite?
False
Is 8559913279 prime?
False
Is 24100893977 a prime number?
True
Is 1020128051 a composite number?
False
Is 3246439139 a prime number?
False
Is 890761921 composite?
True
Is 164629096829 a composite number?
False
Is 8144160593 prime?
True
Is 2677408397 a prime number?
True
Is 28883922149 prime?
True
Is 1976328247 composite?
False
Is 5781288043 a composite number?
True
Is 3477235127 a prime number?
True
Is 5395854509 composite?
False
Is 13464544259 a prime number?
True
Is 10405227661 a composite number?
False
Is 6732085991 prime?
False
Is 1020361049 composite?
False
Is 538803871 a prime number?
False
Is 1876073363 composite?
True
Is 9659562973 a composite number?
True
Is 1181885327 pr